(-5)?
0
Suppose -5*i = -2686 - 4. What is the hundreds digit of i?
5
Suppose -3*u + 20 = 4*y, 4*u - 5 = y - 2*y. Suppose -h - 4*h - 5*k + 490 = 0, 2*h + y*k - 184 = 0. What is the tens digit of h?
0
Let w = 19 + -25. Let f be (60/(-50))/(w/10). What is the tens digit of -2 + f + 39 - 2?
3
Suppose 4*y + 900 = 4*o, -4*y - 18*o + 15*o = 893. Let d = 67 - y. What is the units digit of d?
1
Let u = 3 - 2. Let g be ((-3)/2)/(u/(-2)). Suppose -g*o - 1 = -i, -5*o + o + 84 = 4*i. What is the tens digit of i?
1
Let b(f) = f**3 + 22*f**2 + 22*f + 24. Let o be b(-21). What is the units digit of 5/1*o/(-6)*-2?
5
Suppose -4*q = -4*k + 32, -4*k + 25 = 2*q - 31. Suppose -6*g - k = -180. What is the tens digit of g?
2
Let o(i) = 7*i + 71. What is the tens digit of o(10)?
4
Let v(t) = -t**3 - 18*t**2 - 38*t - 24. Suppose 0 = 3*p + 7*p + 160. What is the tens digit of v(p)?
7
Let h = 1240 - 1139. What is the hundreds digit of h?
1
Let v(r) = r**2 + 11*r - 6. Let y be v(-11). Let l be (16 - 1)/((-9)/y). Suppose 2*o = -4*w + l + 14, 4*w - 36 = -5*o. What is the units digit of w?
4
Suppose -3*h + 150 = 2*h. Let y = 54 - h. What is the units digit of y?
4
Suppose -5*a + 2*r = -2855, -r - 3*r = 4*a - 2284. Let u = a - 275. What is the hundreds digit of u?
2
Let o be ((-875)/14)/(1/(-2)). Suppose -3*j + 95 = 5*m, -3*j = -3*m + 2*m - o. Suppose 0*u + 5*u - j = 0. What is the units digit of u?
8
Let v(h) = -h**2 - 28. Let d be v(0). Suppose 20*z + 177 = 1517. Let n = d + z. What is the tens digit of n?
3
Let x be 2/(-4) - (-2)/4. Let f(g) = -g**3 + 7*g**2 - 9*g + 16. Let s(u) = -2*u**2 + 2*u. Let a(p) = f(p) + 4*s(p). What is the units digit of a(x)?
6
Let k be 3/((-5)/(-2) + -1). Suppose -g - k*g = -9. Suppose 4*d = -5*w + 122, 2*d + 7 - 79 = g*w. What is the tens digit of d?
3
Let n = -121 + 713. What is the tens digit of n?
9
Suppose 0*o - 5*o = -20. What is the tens digit of 30/o*(-62)/(-3)?
5
Let c(n) = -2*n**3 + 3*n + 266. What is the units digit of c(0)?
6
Suppose 115 = -7*f + 2*f. Let v = f - -23. What is the tens digit of (-13)/((-52)/240) + v?
6
Suppose -j - 2 = t, -3*j - t - t = 4. Suppose z + j = 23. What is the units digit of z?
3
Let f = -22 + 36. Let a = 24 - f. Suppose -4*h - 3*c = -62 + a, -5*h = -c - 46. What is the units digit of h?
0
Let c(v) = -v**2 + 10*v + 11. Let s be c(10). Suppose m - s = 8. What is the units digit of m?
9
Suppose 3*j = -11*j - 32004. What is the hundreds digit of j/(-8) - 6/(-32)*-4?
2
Let b(g) = -g**2 + 12*g - 13. Let r(f) = 2*f**2 - 24*f + 25. Suppose 4*t + 12 = 7*t. Let q(s) = t*r(s) + 7*b(s). What is the tens digit of q(13)?
2
Let h = 32 + -104. What is the units digit of -3 - (h - (0 + -3))?
6
Let g(s) = -s**3 - 4*s**2 + 8*s + 6. Suppose -5 = -n - 10. Let j be g(n). Let x(r) = -r**2 - 10*r + 8. What is the units digit of x(j)?
7
Suppose 2 = -v - 3. Suppose -5*q = 5*j - 120, q - 27 = -0*j + 2*j. Let f = q + v. What is the tens digit of f?
2
Let j be 1741/2 + 10/(-20). Suppose -6*v = -v - j. What is the units digit of v?
4
Let g(h) = -h**3 + 19*h**2 + 24*h - 22. What is the thousands digit of g(15)?
1
Suppose 0 = m + 5*y - 35, -109 = -8*m + 6*m + 3*y. What is the units digit of m?
0
Let w = -13 + 22. Let h = 27 - w. Let k = h + -3. What is the units digit of k?
5
Let t = 3 + 0. Suppose -3*f + 12 = -t. Suppose f*p = -26 + 111. What is the units digit of p?
7
Let q(f) = -10*f - 55. Let o be q(-11). Suppose -10 = 54*v - o*v. What is the units digit of v?
0
Suppose 19*c = 67*c - 34032. What is the units digit of c?
9
Suppose u - 6 = 2*u. Let d be 55/15 + 4/u. Suppose 4 = d*r + 1. What is the units digit of r?
1
Suppose 5*x - 1756 = -4*g, -2*g + 85*x + 876 = 87*x. What is the units digit of g?
4
Suppose 7*a = 3*a + 8. Suppose -6*z - 140 = -4*b - a*z, -3*z = -6. Suppose b = -4*y + 145. What is the tens digit of y?
2
Suppose -2*t = -7*t - 0*t. Suppose t = 8*s - 67 - 197. What is the units digit of s?
3
Let c(h) = 121*h + 171. What is the hundreds digit of c(13)?
7
Let s be 0 + (-2 - 2) + 7. Suppose 4*d - 71 = -5*b + s*d, -3*d = 12. What is the units digit of b?
5
Let j = 57 + 4. Let d = -57 + j. What is the units digit of d?
4
Let d = -609 + 1442. What is the tens digit of d?
3
What is the hundreds digit of (857 - (2 + 1)) + 6/(-2)?
8
Let u be 16 - (2 + 1)*-1. Let h = u - 19. Suppose h = 2*f - f - 10. What is the units digit of f?
0
Let y(f) = -f**3 + 1. Let x(n) = 2*n**3 + 8*n**2 - 8*n - 6. Let s(a) = -x(a) - y(a). Let j be s(-8). Let t = j + 85. What is the units digit of t?
6
Let k(z) = z**2 + 6*z + 8. Let t be k(-5). Let h(g) = g**3 + 5*g**2 - 3*g + 2. What is the tens digit of h(t)?
6
Let k(s) = -s - 10. Let h be k(-13). Let b(x) = 17*x + 6. What is the units digit of b(h)?
7
Suppose -4*p - 5*y + 5757 = 0, 4*p - 3*y - 5717 = -0*p. What is the units digit of p?
3
Let q be (-60)/(-16) - 3/(-12). Suppose -v - 5 = -i, 3*v - q*v - 5 = -5*i. Suppose 3*b + 17 = 3*k + 2*b, i = 4*k + 4*b - 12. What is the units digit of k?
5
Let p = -20 + 35. Suppose 0 = 5*i + 2*d - 26 + 1, -p = -3*d. Let w(r) = 15*r - 1. What is the tens digit of w(i)?
4
Let s(j) = 66*j**2 + 19*j - 77. What is the thousands digit of s(7)?
3
Let q = 35 + -29. Suppose 3*p = p + q. Suppose 3*j = -p*l + 93, 6*j = j - 3*l + 151. What is the tens digit of j?
2
Let u(m) = 3*m**2 + 6*m + 2. Let i(r) = -6*r**2 - 11*r - 4. Let y(b) = 3*i(b) + 7*u(b). What is the units digit of y(-4)?
4
Let h(q) = q**3 + 12*q**2 + 9*q - 17. Suppose 0*b - 4 = 2*b, -r + 2*b - 4 = 0. What is the tens digit of h(r)?
6
Let j(h) = h**3 + 3*h**2 + 5*h + 5. Let z be j(-4). Let u = 49 + z. Suppose 2*n - u = 4*o - 108, -n = -3. What is the tens digit of o?
2
Let r(b) = -b**3 - 13*b**2 - 14*b - 13. Let w be r(-12). Let s = 13 - w. Suppose -2*v + 5*z + 14 = 0, -12 = -0*v - s*v + 4*z. What is the units digit of v?
2
Let b = -3 + -2. Let n = b - -8. Suppose -c = n*c - 20. What is the units digit of c?
5
Let f(h) = -h**2 - 16*h - 23. Let k be 5 + -9 + -3 + 2. What is the units digit of f(k)?
2
Suppose 5*n + y = -4*y + 35, 2*y - 6 = 0. Suppose -n*r + 16 = -8*r. What is the units digit of 2/(r + 123/30)?
0
Suppose 47*u + 1131 = 34*u. Suppose -w + 0*w = 49. Let z = w - u. What is the units digit of z?
8
Let b = -149 + 218. Suppose -m - 16 = -b. Let d = -24 + m. What is the units digit of d?
9
Let d(s) = 2*s**3 + 2*s**2 - 1. Let t be d(1). Let o(l) = 94*l + 1. What is the hundreds digit of o(t)?
2
Let c be ((-51)/(-21) - 3)*-7. Suppose -c*p + 6*p - 208 = 0. What is the tens digit of p?
0
Let b(l) = -l**2 - 9*l. Let v be b(-9). Suppose -28*k + 24*k + 372 = v. What is the units digit of k?
3
Let i be 24/84*(1 + 6). Suppose 2*d + i*l = -2, 3*d - 3*l + 7 = 4*d. Let s(t) = -t**3 - 3*t**2 + 5*t - 8. What is the tens digit of s(d)?
1
Let x = 3529 - 2004. What is the hundreds digit of x?
5
What is the tens digit of 1*85 + (41 - 42)?
8
Let z(o) = o + 1. Let w(i) = 5*i**2 - 11*i - 7. Let q(a) = w(a) + 3*z(a). What is the hundreds digit of q(6)?
1
Let k be 2/4*0/(1 + 0). Suppose 3*c = 4 + 2. Suppose -5*g + 15 = k, c*a + 7 - 38 = 3*g. What is the units digit of a?
0
What is the units digit of 113/4 + ((-3)/4)/3?
8
Let l be (44/33)/((-4)/(-54)). Suppose -17 = -m - l. What is the units digit of m + 5/(15/9)?
2
Let f = 50 - 68. What is the units digit of ((-3)/f)/(1/4)*15?
0
Suppose 4*t - 403 - 493 = 4*f, 4*f = 2*t - 450. What is the units digit of t?
3
Let m(x) = 4*x - 3. Let v be m(2). Suppose v*c = 38 - 178. What is the tens digit of (-8)/c + 558/7?
8
Suppose -9*t + 7*t = -2*d - 1732, 2*t = -2*d + 1732. What is the units digit of t?
6
What is the thousands digit of 357604/276 - 4/6?
1
What is the thousands digit of ((-79)/(-1))/((-179)/(-5191))?
2
Suppose -61 = -6*p - 1. Let h be ((-26)/(1 - 2))/1. Suppose -w + h = -p. What is the tens digit of w?
3
Let d(j) = 119*j + 68. What is the hundreds digit of d(10)?
2
Let v = 5 - 2. Suppose 0 = -3*d - 6 - v. What is the units digit of d + 1/((-4)/(-52))?
0
Let z = 316 + -215. Let d = z + -50. What is the units digit of 3 + d/(-3)*-1?
0
What is the units digit of ((-21618)/36)/(2/(-8))?
2
Suppose n = 2*m - 1289 - 181, -3*n - 4375 = m. What is the tens digit of 4/(-42)*3 + n/(-14)?
0
What is the units digit of 1*6 + (-14552)/(-17)?
2
Let y = -1 - -5. Suppose 19 + 37 = 3*v - 2*c, 